{"id":28,"date":"2024-12-23T10:44:06","date_gmt":"2024-12-23T10:44:06","guid":{"rendered":"https:\/\/cadellolivo-y1ip3tofmf.live-website.com\/?page_id=28"},"modified":"2025-11-09T11:32:21","modified_gmt":"2025-11-09T11:32:21","slug":"culinair","status":"publish","type":"page","link":"https:\/\/cadellolivo.com\/?page_id=28","title":{"rendered":"Culinair"},"content":{"rendered":"\t\t<div data-elementor-type=\"wp-page\" data-elementor-id=\"28\" class=\"elementor elementor-28\">\n\t\t\t\t<div class=\"elementor-element elementor-element-6db7003a e-con-full e-flex wpr-particle-no wpr-jarallax-no wpr-parallax-no wpr-sticky-section-no wpr-column-slider-no wpr-equal-height-no e-con e-parent\" data-id=\"6db7003a\" data-element_type=\"container\" data-e-type=\"container\">\n\t\t<div class=\"wpr-jarallax elementor-element elementor-element-70133cc7 e-con-full wpr-jarallax-yes e-flex wpr-particle-no wpr-parallax-no wpr-sticky-section-no wpr-column-slider-no wpr-equal-height-no e-con e-child\" speed-data=\"1.4\" bg-image=\"\" bg-image-mobile=\"\" scroll-effect=\"scale\" data-id=\"70133cc7\" data-element_type=\"container\" data-e-type=\"container\">\n\t\t<div class=\"wpr-jarallax elementor-element elementor-element-38fd71b e-con-full wpr-jarallax-yes e-flex wpr-particle-no wpr-parallax-no wpr-sticky-section-no wpr-column-slider-no wpr-equal-height-no e-con e-child\" speed-data=\"1.4\" bg-image=\"https:\/\/cadellolivo-y1ip3tofmf.live-website.com\/wp-content\/uploads\/2024\/12\/truffel_markt-1.jpg\" bg-image-mobile=\"\" scroll-effect=\"scroll\" data-id=\"38fd71b\" data-element_type=\"container\" data-e-type=\"container\">\n\t\t<div class=\"elementor-element elementor-element-db2827c e-flex e-con-boxed wpr-particle-no wpr-jarallax-no wpr-parallax-no wpr-sticky-section-no wpr-column-slider-no wpr-equal-height-no e-con e-child\" data-id=\"db2827c\" data-element_type=\"container\" data-e-type=\"container\">\n\t\t\t\t\t<div class=\"e-con-inner\">\n\t\t\t\t<div class=\"elementor-element elementor-element-496e4948 elementor-widget elementor-widget-heading\" data-id=\"496e4948\" data-element_type=\"widget\" data-e-type=\"widget\" data-widget_type=\"heading.default\">\n\t\t\t\t<div class=\"elementor-widget-container\">\n\t\t\t\t\t<h2 class=\"elementor-heading-title elementor-size-default\">Culinair<\/h2>\t\t\t\t<\/div>\n\t\t\t\t<\/div>\n\t\t\t\t\t<\/div>\n\t\t\t\t<\/div>\n\t\t\t\t<\/div>\n\t\t\t\t<\/div>\n\t\t<div class=\"elementor-element elementor-element-20db9362 e-flex e-con-boxed wpr-particle-no wpr-jarallax-no wpr-parallax-no wpr-sticky-section-no wpr-column-slider-no wpr-equal-height-no e-con e-child\" data-id=\"20db9362\" data-element_type=\"container\" data-e-type=\"container\">\n\t\t\t\t\t<div class=\"e-con-inner\">\n\t\t<div class=\"elementor-element elementor-element-21773e78 e-con-full e-flex wpr-particle-no wpr-jarallax-no wpr-parallax-no wpr-sticky-section-no wpr-column-slider-no wpr-equal-height-no e-con e-child\" data-id=\"21773e78\" data-element_type=\"container\" data-e-type=\"container\">\n\t\t\t\t<div class=\"elementor-element elementor-element-1648a80 elementor-widget elementor-widget-spacer\" data-id=\"1648a80\" data-element_type=\"widget\" data-e-type=\"widget\" data-widget_type=\"spacer.default\">\n\t\t\t\t<div class=\"elementor-widget-container\">\n\t\t\t\t\t\t\t<div class=\"elementor-spacer\">\n\t\t\t<div class=\"elementor-spacer-inner\"><\/div>\n\t\t<\/div>\n\t\t\t\t\t\t<\/div>\n\t\t\t\t<\/div>\n\t\t\t\t<div class=\"elementor-element elementor-element-14a594a5 elementor-widget elementor-widget-image\" data-id=\"14a594a5\" data-element_type=\"widget\" data-e-type=\"widget\" data-widget_type=\"image.default\">\n\t\t\t\t<div class=\"elementor-widget-container\">\n\t\t\t\t\t\t\t\t\t\t\t\t\t\t\t<img decoding=\"async\" src=\"https:\/\/cadellolivo.com\/wp-content\/uploads\/elementor\/thumbs\/Image16_InPixio_groen-reg80vcpd4oyz3d5dtxocjd9mrcfqd6i18b68ctjs8.png\" title=\"Image16_InPixio_groen\" alt=\"Image16_InPixio_groen\" loading=\"lazy\" \/>\t\t\t\t\t\t\t\t\t\t\t\t\t\t\t<\/div>\n\t\t\t\t<\/div>\n\t\t\t\t<div class=\"elementor-element elementor-element-6dd6b2c2 elementor-widget elementor-widget-text-editor\" data-id=\"6dd6b2c2\" data-element_type=\"widget\" data-e-type=\"widget\" data-widget_type=\"text-editor.default\">\n\t\t\t\t<div class=\"elementor-widget-container\">\n\t\t\t\t\t\t\t\t\tCA&#8217;DELL&#8217;OLIVO\t\t\t\t\t\t\t\t<\/div>\n\t\t\t\t<\/div>\n\t\t\t\t<div class=\"elementor-element elementor-element-7c157b23 elementor-widget elementor-widget-text-editor\" data-id=\"7c157b23\" data-element_type=\"widget\" data-e-type=\"widget\" data-widget_type=\"text-editor.default\">\n\t\t\t\t<div class=\"elementor-widget-container\">\n\t\t\t\t\t\t\t\t\t<p>Op culinair avontuur in Emilia-Romagna<\/p>\t\t\t\t\t\t\t\t<\/div>\n\t\t\t\t<\/div>\n\t\t\t\t<div class=\"elementor-element elementor-element-7effa11b elementor-widget elementor-widget-spacer\" data-id=\"7effa11b\" data-element_type=\"widget\" data-e-type=\"widget\" data-widget_type=\"spacer.default\">\n\t\t\t\t<div class=\"elementor-widget-container\">\n\t\t\t\t\t\t\t<div class=\"elementor-spacer\">\n\t\t\t<div class=\"elementor-spacer-inner\"><\/div>\n\t\t<\/div>\n\t\t\t\t\t\t<\/div>\n\t\t\t\t<\/div>\n\t\t\t\t<\/div>\n\t\t\t\t\t<\/div>\n\t\t\t\t<\/div>\n\t\t<div class=\"elementor-element elementor-element-2a44a08a e-flex e-con-boxed wpr-particle-no wpr-jarallax-no wpr-parallax-no wpr-sticky-section-no wpr-column-slider-no wpr-equal-height-no e-con e-child\" data-id=\"2a44a08a\" data-element_type=\"container\" data-e-type=\"container\">\n\t\t\t\t\t<div class=\"e-con-inner\">\n\t\t<div class=\"elementor-element elementor-element-5f2cea25 e-con-full e-flex wpr-particle-no wpr-jarallax-no wpr-parallax-no wpr-sticky-section-no wpr-column-slider-no wpr-equal-height-no e-con e-child\" data-id=\"5f2cea25\" data-element_type=\"container\" data-e-type=\"container\">\n\t\t\t\t<div class=\"elementor-element elementor-element-308df310 elementor-widget elementor-widget-text-editor\" data-id=\"308df310\" data-element_type=\"widget\" data-e-type=\"widget\" data-widget_type=\"text-editor.default\">\n\t\t\t\t<div class=\"elementor-widget-container\">\n\t\t\t\t\t\t\t\t\t<p><strong>Ontdek de regionale Italiaanse keuken<\/strong><\/p><p>We hebben een passie voor lekker eten en drinken, wat ooit resulteerde in ons restaurant in Sittard, Limburg. Echter zijn we vooral verzot op de pure Italiaanse keuken in al zijn eenvoud. En natuurlijk de uitstekende wijnen. En in Emilia-Romagna konden we ons hart ophalen, het is een waar paradijs op culinair gebied!<\/p><p>Denk aan producten zoals Parmaham, Parmigiano Reggiano en Aceto Balsamico die hier vandaan komen, en de beroemde pasta al rag\u00f9. Maar ook truffel en porcini, oftewel eekhoorntjesbrood, kom je hier veelvuldig tegen. In het najaar kun je zelfs \u00e9\u00e9n van de grootste truffelmarkten van Itali\u00eb bij ons in de buurt bezoeken en hebben veel restaurants in de buurt een speciaal &#8220;Men\u00f9 al Tartufo&#8221;.<\/p><p><a href=\"https:\/\/cadellolivo-y1ip3tofmf.live-website.com\/wp-content\/uploads\/2024\/12\/culinair.jpg\"><img fetchpriority=\"high\" decoding=\"async\" class=\"wp-image-459 alignleft\" src=\"https:\/\/cadellolivo-y1ip3tofmf.live-website.com\/wp-content\/uploads\/2024\/12\/culinair.jpg\" alt=\"\" width=\"250\" height=\"253\" \/><\/a><\/p><p>De titel van d\u00e9 culinaire bijbel van Itali\u00eb van Pellegrino Artusi omschrijft het goed: &#8220;La scienza in cucina e l&#8217;arte di mangiar bene&#8221; oftewel: de wetenschap in de keuken en de kunst om goed te eten. In de buurt kun je genieten van allerlei soorten keukens; van streetfood en de eenvoudige &#8220;cucina casalinga&#8221; tot Michelin sterrenrestaurant. Van pizza en pasta tot kreeft en truffel. Wij geven je graag tips!<\/p>\t\t\t\t\t\t\t\t<\/div>\n\t\t\t\t<\/div>\n\t\t\t\t<\/div>\n\t\t\t\t\t<\/div>\n\t\t\t\t<\/div>\n\t\t\t\t<\/div>\n\t\t<div class=\"elementor-element elementor-element-4b88262f e-flex e-con-boxed wpr-particle-no wpr-jarallax-no wpr-parallax-no wpr-sticky-section-no wpr-column-slider-no wpr-equal-height-no e-con e-parent\" data-id=\"4b88262f\" data-element_type=\"container\" data-e-type=\"container\">\n\t\t\t\t\t<div class=\"e-con-inner\">\n\t\t<div class=\"elementor-element elementor-element-f2823c7 e-flex e-con-boxed wpr-particle-no wpr-parallax-no wpr-sticky-section-no wpr-column-slider-no wpr-equal-height-no e-con e-child\" data-id=\"f2823c7\" data-element_type=\"container\" data-e-type=\"container\" data-settings=\"{&quot;background_background&quot;:&quot;classic&quot;}\">\n\t\t\t\t\t<div class=\"e-con-inner\">\n\t\t\t\t<div class=\"elementor-element elementor-element-e0cdf3c elementor-widget elementor-widget-image-gallery\" data-id=\"e0cdf3c\" data-element_type=\"widget\" data-e-type=\"widget\" data-widget_type=\"image-gallery.default\">\n\t\t\t\t<div class=\"elementor-widget-container\">\n\t\t\t\t\t\t\t<div class=\"elementor-image-gallery\">\n\t\t\t<div id='gallery-1' class='gallery galleryid-28 gallery-columns-5 gallery-size-medium'><figure class='gallery-item'>\n\t\t\t<div class='gallery-icon landscape'>\n\t\t\t\t<a data-elementor-open-lightbox=\"yes\" data-elementor-lightbox-slideshow=\"e0cdf3c\" data-e-action-hash=\"#elementor-action%3Aaction%3Dlightbox%26settings%3DeyJpZCI6NDc4LCJ1cmwiOiJodHRwczpcL1wvY2FkZWxsb2xpdm8uY29tXC93cC1jb250ZW50XC91cGxvYWRzXC8yMDI0XC8xMlwvRFNDMDM2MzkuanBnIiwic2xpZGVzaG93IjoiZTBjZGYzYyJ9\" href='https:\/\/cadellolivo.com\/wp-content\/uploads\/2024\/12\/DSC03639.jpg'><img decoding=\"async\" width=\"300\" height=\"200\" src=\"https:\/\/cadellolivo.com\/wp-content\/uploads\/2024\/12\/DSC03639.jpg\" class=\"attachment-medium size-medium\" alt=\"\" \/><\/a>\n\t\t\t<\/div><\/figure><figure class='gallery-item'>\n\t\t\t<div class='gallery-icon landscape'>\n\t\t\t\t<a data-elementor-open-lightbox=\"yes\" data-elementor-lightbox-slideshow=\"e0cdf3c\" data-e-action-hash=\"#elementor-action%3Aaction%3Dlightbox%26settings%3DeyJpZCI6NDc5LCJ1cmwiOiJodHRwczpcL1wvY2FkZWxsb2xpdm8uY29tXC93cC1jb250ZW50XC91cGxvYWRzXC8yMDI0XC8xMlwvRFNDMDM2NDEuanBnIiwic2xpZGVzaG93IjoiZTBjZGYzYyJ9\" href='https:\/\/cadellolivo.com\/wp-content\/uploads\/2024\/12\/DSC03641.jpg'><img decoding=\"async\" width=\"300\" height=\"200\" src=\"https:\/\/cadellolivo.com\/wp-content\/uploads\/2024\/12\/DSC03641.jpg\" class=\"attachment-medium size-medium\" alt=\"\" aria-describedby=\"gallery-1-479\" \/><\/a>\n\t\t\t<\/div>\n\t\t\t\t<figcaption class='wp-caption-text gallery-caption' id='gallery-1-479'>\n\t\t\t\tSONY DSC\n\t\t\t\t<\/figcaption><\/figure><figure class='gallery-item'>\n\t\t\t<div class='gallery-icon portrait'>\n\t\t\t\t<a data-elementor-open-lightbox=\"yes\" data-elementor-lightbox-slideshow=\"e0cdf3c\" data-e-action-hash=\"#elementor-action%3Aaction%3Dlightbox%26settings%3DeyJpZCI6NDgwLCJ1cmwiOiJodHRwczpcL1wvY2FkZWxsb2xpdm8uY29tXC93cC1jb250ZW50XC91cGxvYWRzXC8yMDI0XC8xMlwvRFNDMDM2NDUtY29weV8xLmpwZyIsInNsaWRlc2hvdyI6ImUwY2RmM2MifQ%3D%3D\" href='https:\/\/cadellolivo.com\/wp-content\/uploads\/2024\/12\/DSC03645-copy_1.jpg'><img loading=\"lazy\" decoding=\"async\" width=\"250\" height=\"300\" src=\"https:\/\/cadellolivo.com\/wp-content\/uploads\/2024\/12\/DSC03645-copy_1.jpg\" class=\"attachment-medium size-medium\" alt=\"\" \/><\/a>\n\t\t\t<\/div><\/figure><figure class='gallery-item'>\n\t\t\t<div class='gallery-icon landscape'>\n\t\t\t\t<a data-elementor-open-lightbox=\"yes\" data-elementor-lightbox-slideshow=\"e0cdf3c\" data-e-action-hash=\"#elementor-action%3Aaction%3Dlightbox%26settings%3DeyJpZCI6NDgxLCJ1cmwiOiJodHRwczpcL1wvY2FkZWxsb2xpdm8uY29tXC93cC1jb250ZW50XC91cGxvYWRzXC8yMDI0XC8xMlwvRFNDMDM2NDYuanBnIiwic2xpZGVzaG93IjoiZTBjZGYzYyJ9\" href='https:\/\/cadellolivo.com\/wp-content\/uploads\/2024\/12\/DSC03646.jpg'><img loading=\"lazy\" decoding=\"async\" width=\"300\" height=\"200\" src=\"https:\/\/cadellolivo.com\/wp-content\/uploads\/2024\/12\/DSC03646.jpg\" class=\"attachment-medium size-medium\" alt=\"\" \/><\/a>\n\t\t\t<\/div><\/figure><figure class='gallery-item'>\n\t\t\t<div class='gallery-icon portrait'>\n\t\t\t\t<a data-elementor-open-lightbox=\"yes\" data-elementor-lightbox-slideshow=\"e0cdf3c\" data-e-action-hash=\"#elementor-action%3Aaction%3Dlightbox%26settings%3DeyJpZCI6NDkwLCJ1cmwiOiJodHRwczpcL1wvY2FkZWxsb2xpdm8uY29tXC93cC1jb250ZW50XC91cGxvYWRzXC8yMDI0XC8xMlwvRFNDMDM2NjktY29weV8xLTEuanBnIiwic2xpZGVzaG93IjoiZTBjZGYzYyJ9\" href='https:\/\/cadellolivo.com\/wp-content\/uploads\/2024\/12\/DSC03669-copy_1-1.jpg'><img loading=\"lazy\" decoding=\"async\" width=\"259\" height=\"300\" src=\"https:\/\/cadellolivo.com\/wp-content\/uploads\/2024\/12\/DSC03669-copy_1-1.jpg\" class=\"attachment-medium size-medium\" alt=\"\" \/><\/a>\n\t\t\t<\/div><\/figure><figure class='gallery-item'>\n\t\t\t<div class='gallery-icon landscape'>\n\t\t\t\t<a data-elementor-open-lightbox=\"yes\" data-elementor-lightbox-slideshow=\"e0cdf3c\" data-e-action-hash=\"#elementor-action%3Aaction%3Dlightbox%26settings%3DeyJpZCI6NDg1LCJ1cmwiOiJodHRwczpcL1wvY2FkZWxsb2xpdm8uY29tXC93cC1jb250ZW50XC91cGxvYWRzXC8yMDI0XC8xMlwvUGFzdGEtdHJ1ZmZlbC0xMDAwLTEuanBnIiwic2xpZGVzaG93IjoiZTBjZGYzYyJ9\" href='https:\/\/cadellolivo.com\/wp-content\/uploads\/2024\/12\/Pasta-truffel-1000-1.jpg'><img loading=\"lazy\" decoding=\"async\" width=\"300\" height=\"300\" src=\"https:\/\/cadellolivo.com\/wp-content\/uploads\/2024\/12\/Pasta-truffel-1000-1.jpg\" class=\"attachment-medium size-medium\" alt=\"\" \/><\/a>\n\t\t\t<\/div><\/figure><figure class='gallery-item'>\n\t\t\t<div class='gallery-icon landscape'>\n\t\t\t\t<a data-elementor-open-lightbox=\"yes\" data-elementor-lightbox-slideshow=\"e0cdf3c\" data-e-action-hash=\"#elementor-action%3Aaction%3Dlightbox%26settings%3DeyJpZCI6NDg2LCJ1cmwiOiJodHRwczpcL1wvY2FkZWxsb2xpdm8uY29tXC93cC1jb250ZW50XC91cGxvYWRzXC8yMDI0XC8xMlwvUGl6emEtUGlhbi0xMDAwLmpwZyIsInNsaWRlc2hvdyI6ImUwY2RmM2MifQ%3D%3D\" href='https:\/\/cadellolivo.com\/wp-content\/uploads\/2024\/12\/Pizza-Pian-1000.jpg'><img loading=\"lazy\" decoding=\"async\" width=\"300\" height=\"300\" src=\"https:\/\/cadellolivo.com\/wp-content\/uploads\/2024\/12\/Pizza-Pian-1000.jpg\" class=\"attachment-medium size-medium\" alt=\"\" \/><\/a>\n\t\t\t<\/div><\/figure><figure class='gallery-item'>\n\t\t\t<div class='gallery-icon landscape'>\n\t\t\t\t<a data-elementor-open-lightbox=\"yes\" data-elementor-lightbox-slideshow=\"e0cdf3c\" data-e-action-hash=\"#elementor-action%3Aaction%3Dlightbox%26settings%3DeyJpZCI6NDg3LCJ1cmwiOiJodHRwczpcL1wvY2FkZWxsb2xpdm8uY29tXC93cC1jb250ZW50XC91cGxvYWRzXC8yMDI0XC8xMlwvcmF2aW9saS1mdW5naGktMTAwMC5qcGciLCJzbGlkZXNob3ciOiJlMGNkZjNjIn0%3D\" href='https:\/\/cadellolivo.com\/wp-content\/uploads\/2024\/12\/ravioli-funghi-1000.jpg'><img loading=\"lazy\" decoding=\"async\" width=\"300\" height=\"300\" src=\"https:\/\/cadellolivo.com\/wp-content\/uploads\/2024\/12\/ravioli-funghi-1000.jpg\" class=\"attachment-medium size-medium\" alt=\"\" \/><\/a>\n\t\t\t<\/div><\/figure><figure class='gallery-item'>\n\t\t\t<div class='gallery-icon landscape'>\n\t\t\t\t<a data-elementor-open-lightbox=\"yes\" data-elementor-lightbox-slideshow=\"e0cdf3c\" data-e-action-hash=\"#elementor-action%3Aaction%3Dlightbox%26settings%3DeyJpZCI6NDg5LCJ1cmwiOiJodHRwczpcL1wvY2FkZWxsb2xpdm8uY29tXC93cC1jb250ZW50XC91cGxvYWRzXC8yMDI0XC8xMlwvRHJ1aXZlbnRyb3MtMTAwMC5qcGciLCJzbGlkZXNob3ciOiJlMGNkZjNjIn0%3D\" href='https:\/\/cadellolivo.com\/wp-content\/uploads\/2024\/12\/Druiventros-1000.jpg'><img loading=\"lazy\" decoding=\"async\" width=\"300\" height=\"300\" src=\"https:\/\/cadellolivo.com\/wp-content\/uploads\/2024\/12\/Druiventros-1000.jpg\" class=\"attachment-medium size-medium\" alt=\"\" \/><\/a>\n\t\t\t<\/div><\/figure><figure class='gallery-item'>\n\t\t\t<div class='gallery-icon landscape'>\n\t\t\t\t<a data-elementor-open-lightbox=\"yes\" data-elementor-lightbox-slideshow=\"e0cdf3c\" data-e-action-hash=\"#elementor-action%3Aaction%3Dlightbox%26settings%3DeyJpZCI6NDkxLCJ1cmwiOiJodHRwczpcL1wvY2FkZWxsb2xpdm8uY29tXC93cC1jb250ZW50XC91cGxvYWRzXC8yMDI0XC8xMlwvT2xpanZlbi0xMDAwLmpwZyIsInNsaWRlc2hvdyI6ImUwY2RmM2MifQ%3D%3D\" href='https:\/\/cadellolivo.com\/wp-content\/uploads\/2024\/12\/Olijven-1000.jpg'><img loading=\"lazy\" decoding=\"async\" width=\"300\" height=\"300\" src=\"https:\/\/cadellolivo.com\/wp-content\/uploads\/2024\/12\/Olijven-1000.jpg\" class=\"attachment-medium size-medium\" alt=\"\" \/><\/a>\n\t\t\t<\/div><\/figure>\n\t\t<\/div>\n\t\t<\/div>\n\t\t\t\t\t\t<\/div>\n\t\t\t\t<\/div>\n\t\t\t\t\t<\/div>\n\t\t\t\t<\/div>\n\t\t\t\t\t<\/div>\n\t\t\t\t<\/div>\n\t\t\t\t<\/div>\n\t\t","protected":false},"excerpt":{"rendered":"<p>Culinair CA&#8217;DELL&#8217;OLIVO Op culinair avontuur in Emilia-Romagna Ontdek de regionale Italiaanse keuken We hebben een passie voor lekker eten en drinken, wat ooit resulteerde in ons restaurant in Sittard, Limburg. Echter zijn we vooral verzot op de pure Italiaanse keuken in al zijn eenvoud. En natuurlijk de uitstekende wijnen. En in Emilia-Romagna konden we ons hart ophalen, het is een waar paradijs op culinair gebied! Denk aan producten zoals Parmaham, Parmigiano Reggiano en Aceto Balsamico die hier vandaan komen, en de beroemde pasta al rag\u00f9. Maar ook truffel en porcini, oftewel eekhoorntjesbrood, kom je hier veelvuldig tegen. In het najaar kun je zelfs \u00e9\u00e9n van de grootste truffelmarkten van Itali\u00eb bij ons in de buurt bezoeken en hebben veel restaurants in de buurt een speciaal &#8220;Men\u00f9 al Tartufo&#8221;. De titel van d\u00e9 culinaire bijbel van Itali\u00eb van Pellegrino Artusi omschrijft het goed: &#8220;La scienza in cucina e l&#8217;arte di mangiar bene&#8221; oftewel: de wetenschap in de keuken en de kunst om goed te eten. In de buurt kun je genieten van allerlei soorten keukens; van streetfood en de eenvoudige &#8220;cucina casalinga&#8221; tot Michelin sterrenrestaurant. Van pizza en pasta tot kreeft en truffel. Wij geven je graag tips! SONY DSC<\/p>\n","protected":false},"author":2,"featured_media":0,"parent":0,"menu_order":0,"comment_status":"closed","ping_status":"closed","template":"","meta":{"site-sidebar-layout":"no-sidebar","site-content-layout":"","ast-site-content-layout":"full-width-container","site-content-style":"default","site-sidebar-style":"default","ast-global-header-display":"","ast-banner-title-visibility":"","ast-main-header-display":"","ast-hfb-above-header-display":"","ast-hfb-below-header-display":"","ast-hfb-mobile-header-display":"","site-post-title":"disabled","ast-breadcrumbs-content":"","ast-featured-img":"disabled","footer-sml-layout":"","ast-disable-related-posts":"","theme-transparent-header-meta":"","adv-header-id-meta":"","stick-header-meta":"","header-above-stick-meta":"","header-main-stick-meta":"","header-below-stick-meta":"","astra-migrate-meta-layouts":"default","ast-page-background-enabled":"default","ast-page-background-meta":{"desktop":{"background-color":"var(--ast-global-color-4)","background-image":"","background-repeat":"repeat","background-position":"center center","background-size":"auto","background-attachment":"scroll","background-type":"","background-media":"","overlay-type":"","overlay-color":"","overlay-opacity":"","overlay-gradient":""},"tablet":{"background-color":"","background-image":"","background-repeat":"repeat","background-position":"center center","background-size":"auto","background-attachment":"scroll","background-type":"","background-media":"","overlay-type":"","overlay-color":"","overlay-opacity":"","overlay-gradient":""},"mobile":{"background-color":"","background-image":"","background-repeat":"repeat","background-position":"center center","background-size":"auto","background-attachment":"scroll","background-type":"","background-media":"","overlay-type":"","overlay-color":"","overlay-opacity":"","overlay-gradient":""}},"ast-content-background-meta":{"desktop":{"background-color":"var(--ast-global-color-5)","background-image":"","background-repeat":"repeat","background-position":"center center","background-size":"auto","background-attachment":"scroll","background-type":"","background-media":"","overlay-type":"","overlay-color":"","overlay-opacity":"","overlay-gradient":""},"tablet":{"background-color":"var(--ast-global-color-5)","background-image":"","background-repeat":"repeat","background-position":"center center","background-size":"auto","background-attachment":"scroll","background-type":"","background-media":"","overlay-type":"","overlay-color":"","overlay-opacity":"","overlay-gradient":""},"mobile":{"background-color":"var(--ast-global-color-5)","background-image":"","background-repeat":"repeat","background-position":"center center","background-size":"auto","background-attachment":"scroll","background-type":"","background-media":"","overlay-type":"","overlay-color":"","overlay-opacity":"","overlay-gradient":""}},"footnotes":""},"class_list":["post-28","page","type-page","status-publish","hentry"],"_links":{"self":[{"href":"https:\/\/cadellolivo.com\/index.php?rest_route=\/wp\/v2\/pages\/28","targetHints":{"allow":["GET"]}}],"collection":[{"href":"https:\/\/cadellolivo.com\/index.php?rest_route=\/wp\/v2\/pages"}],"about":[{"href":"https:\/\/cadellolivo.com\/index.php?rest_route=\/wp\/v2\/types\/page"}],"author":[{"embeddable":true,"href":"https:\/\/cadellolivo.com\/index.php?rest_route=\/wp\/v2\/users\/2"}],"replies":[{"embeddable":true,"href":"https:\/\/cadellolivo.com\/index.php?rest_route=%2Fwp%2Fv2%2Fcomments&post=28"}],"version-history":[{"count":9,"href":"https:\/\/cadellolivo.com\/index.php?rest_route=\/wp\/v2\/pages\/28\/revisions"}],"predecessor-version":[{"id":2285,"href":"https:\/\/cadellolivo.com\/index.php?rest_route=\/wp\/v2\/pages\/28\/revisions\/2285"}],"wp:attachment":[{"href":"https:\/\/cadellolivo.com\/index.php?rest_route=%2Fwp%2Fv2%2Fmedia&parent=28"}],"curies":[{"name":"wp","href":"https:\/\/api.w.org\/{rel}","templated":true}]}}